2 + 407 = -5*c + 4*p. Let h = n - c. Calculate the greatest common factor of h and 30.
3
Let y = -12687 - -12808. Calculate the highest common factor of 2299 and y.
121
Suppose -2*y + 0*y + 1392 = 2*r, -5*r + 5*y + 3440 = 0. Let f = 38 + r. Suppose 0 = -8*p - 58 + f. Calculate the highest common divisor of 21 and p.
21
Let p = -10047 + 10055. What is the highest common divisor of p and 1728?
8
Suppose 0 = -5*c + 4*o + 304, -57 = -c - 0*o - 3*o. Let w be (1 + -15)*c/(-7). Let f be (-10)/(2/(-160)*10). Calculate the highest common divisor of w and f.
40
Let u be 15/(-25) + 92/20. Suppose 0 = -u*p - c - 0*c + 12, -3*c + 4 = 4*p. Calculate the greatest common divisor of 17 and p.
1
Suppose 7*b = -17*b + 1128. Suppose -235 = -0*n - b*n. Suppose r + 105 = 4*r. What is the greatest common factor of r and n?
5
Let c = 35 + -29. Suppose 5*i - 37 = -2*z, -3*i - c + 25 = z. Let h be 4/z + (-915)/(-20). What is the greatest common divisor of h and 69?
23
Let n = 157 - 1. Let l = 173 - n. Suppose 0 = 3*k - 2*k - 17. Calculate the greatest common factor of k and l.
17
Suppose 5*p + 1970 = -5*v, -876 = 3*v - 3*p + 330. Let o = 448 + v. What is the highest common factor of o and 950?
50
Let m(y) = -y**2 - 18*y + 52. Suppose 0 = -3*t - 2*v - 52, t - 3*t - 2*v - 34 = 0. Let i be m(t). Calculate the highest common factor of i and 494.
26
Let c(q) = -117*q + 9168. Let d be c(72). Calculate the greatest common factor of 1147 and d.
31
Let u = -40 + 38. Let n(x) = -8*x**3 - 3*x**2 + 3*x - 1. Let i be n(u). Let a = i + -43. Calculate the greatest common factor of 10 and a.
2
Let m be -103 + 8/2 + 0. Let u = 71 - m. Let c be 1*2 + 76 + -10. What is the highest common divisor of c and u?
34
Let r(i) = -12*i**2 - 47*i**3 + 17*i**2 + 48 - 6*i + 46*i**3. Let n be r(5). What is the greatest common divisor of 81 and n?
9
Let w(f) = f**3 - 4*f**2 - 8*f + 72. Let t be w(7). Suppose 4*r - 23 = 5*z - t, 140 = 5*z + 3*r. What is the greatest common divisor of z and 48?
4
Suppose 3*w + 70 = a, -w = w - 6. Suppose 20 = 11*m - a. Suppose -2*x = -m*x + 14. Calculate the highest common divisor of x and 5.
1
Let m(r) = r**3 - 16*r**2 + 63*r - 12. Let v be m(6). Calculate the highest common divisor of v and 3639.
3
Let t(k) = 9*k - 16. Let u be t(-9). Let g = -95 - u. Suppose a + h - 5 - 6 = 0, -5 = -a + 5*h. What is the highest common factor of a and g?
2
Let m(g) = -4*g + 26. Let i be m(8). Let n be (-40 + 2)*3/i. Suppose 91 = 3*w + n. What is the greatest common divisor of w and 168?
24
Let a = 42 + -29. Suppose -10*w + 2760 = a*w. What is the highest common divisor of w and 30?
30
Let i be 33/11 - (-2 - 2)*13. Suppose 3*p + 13 = y, 0 = -2*y - 3*p + 16 + i. Calculate the greatest common divisor of 32 and y.
4
Let x(y) = 97 + 2*y - 36 - 3*y - y**2. Let f be x(0). Let u = f - 41. Calculate the greatest common divisor of 100 and u.
20
Let q(k) = k**2 - 4*k + 22. Let a be q(8). Let i = a - 26. What is the greatest common divisor of 70 and i?
14
Let w(o) = o - 146. Let f(k) = -3*k + 292. Let x(l) = 6*f(l) + 11*w(l). Let y be x(19). Calculate the highest common divisor of y and 663.
13
Let v be -5 + (8 - -1) - 5. Let t be (5/25 - v)*5/1. Calculate the highest common factor of 12 and t.
6
Let u be 2/(-8) + (-119)/(-84)*3. Let s be u/(310/102 - (-6)/(-2)). What is the highest common factor of 272 and s?
34
Let a = -286 + 311. Suppose a*c - 26*c = q - 46, -q = 5*c - 50. Let d be 18/(-8)*8/(-2). Calculate the highest common factor of d and q.
9
Suppose -6*r - 194 = -284. What is the highest common divisor of r and 8130?
15
Let v = 4 + 9. Let a(q) = 25395*q + 76393. Let d be a(-3). Calculate the greatest common divisor of v and d.
13
Let s(n) = n + 4. Let u be s(-1). Suppose -3*w = -3*z - 21, 15 = -z - 2*z - u*w. Let d = 2 - z. What is the highest common factor of 12 and d?
4
Suppose -20*c + 4*c = -16. Let o be 105*(c + 0 - (-3)/(-5)). What is the greatest common factor of 105 and o?
21
Let x = 1417 - 1247. Suppose 4 = u - 2*h - 64, -4*h + 284 = 4*u. Calculate the highest common factor of x and u.
10
Let r = 129 - 65. Let z = r + 72. Calculate the greatest common divisor of 8 and z.
8
Let f = 55213 + -36535. What is the greatest common factor of f and 66?
66
Suppose 2*p + 15*k - 13344 = 16*k, 3*p - 5*k = 20023. Calculate the greatest common factor of p and 7.
7
Suppose 0 = 5*f - 2 - 13. Suppose f*p - 90 = p. Suppose 11 + 34 = 3*k. What is the greatest common divisor of p and k?
15
Let v be -5 - (3 + 125/(-5)). Let m be 2*(-15)/(-10)*-1. Let k(n) = -13*n - 5. Let a be k(m). Calculate the highest common factor of a and v.
17
Suppose 0 = 59*r + 954 - 3609. Calculate the greatest common divisor of r and 5.
5
Suppose 0*x + 600 = 3*n + 3*x, 4*x = -3*n + 603. Let i = n - -32. Suppose -14*m = -961 - i. What is the greatest common factor of 34 and m?
17
Let b = -31 + 42. Let q = 33 - b. Suppose -q = -3*s + 59. Calculate the highest common factor of 27 and s.
27
Suppose -104*d + 261 = -101*d. Let z = -74 + d. Calculate the greatest common factor of 2 and z.
1
Suppose 2*v + 10 = 4*x, 0 = 6*x - 5*x - 4. Suppose 3*q - 108 = -v*q. Let h(m) = 9*m**2 + m - 1. Let g be h(1). What is the greatest common factor of g and q?
9
Suppose -3*l = 3*o - 2880, -4*l + 5*o - 6*o + 3831 = 0. What is the highest common divisor of 132 and l?
33
Let r(g) = g**3 - 18*g**2 + 16*g + 282. Let c be r(16). What is the highest common factor of c and 3497?
13
Let s be (52/39)/((-23 - -28)/45). Let u(f) = 5*f**2 - 4*f - 6. Let i be u(-4). What is the highest common factor of s and i?
6
Suppose 5*x + 555 = 22*s - 12*s, x + 3 = 0. Suppose 5*b + 111 = 516. Calculate the highest common factor of b and s.
27
Let a be (42/(-84))/((0 + 3)/2082). Let l = a + 349. What is the highest common factor of 6 and l?
2
Suppose -p + 25*v - 21*v + 10 = 0, -4*v + 110 = 3*p. Let x(h) = h**3 - 29*h**2 - 32*h + 75. Let f be x(p). Calculate the greatest common factor of 105 and f.
15
Suppose -290973 + 12156 = -21*f. Calculate the greatest common factor of 44 and f.
11
Let i be (-9040)/(-6)*63/42. Calculate the highest common factor of 60 and i.
20
Let o(b) = -4*b**3 - 8*b**2 + 13*b + 56. Let i be o(-4). What is the greatest common divisor of i and 1540?
44
Let r be (3 - 3247/(-3)) + (9 - (-28)/(-3)). Calculate the greatest common factor of 21 and r.
7
Let l be 145 - (4/5 + (-861)/(-105)). Calculate the highest common factor of 17 and l.
17
Let k be 2258/18 + 650/86580*74. Let j be (-1)/(-2) + 222/4. What is the highest common divisor of j and k?
14
Suppose -20*s - 259 = 161. Let h be -1*3/s + 417/21. What is the highest common factor of h and 12?
4
Let x = 57 + -61. Let r be 6 + -8 + 2 - x. Calculate the greatest common factor of r and 10.
2
Let m(d) = 2*d**2 - 14*d - 86. Let s be m(20). Let z = s - 429. Calculate the highest common factor of 195 and z.
5
Let l(s) = s**2 - 11*s - 2. Let m be 9/6*4/(-2) - -10. Let r be l(m). Let w be r/9*(3 + (-46 - -1)). What is the greatest common factor of 20 and w?
20
Let o(a) = 6*a - 1. Let n be o(1). Let y be n + 93 - (4 + 0). Suppose 658 = 5*i + 2*s, -i + 40 + y = s. What is the greatest common divisor of i and 26?
26
Let o be ((-5)/((-135)/(-36)))/((-8)/31512). Calculate the greatest common factor of 572 and o.
52
Suppose 5*u + 10 = 0, -5*u - 541 = 2*j + 1359. Let t = -413 - j. What is the highest common divisor of t and 76?
76
Let y(l) be the third derivative of 109*l**4/12 + 8*l**3/3 + 6*l**2 + 2. Let q be y(1). Calculate the greatest common factor of q and 18.
18
Let j = 111 - 73. Let d be (-450)/((-9)/1152*4). Let n be 4/(-6 - (d/798)/(-3)). What is the highest common divisor of n and j?
38
Let x be ((-2)/6)/((-256)/240 + 1). Calculate the highest common divisor of 7935 and x.
5
Let z = -68 - -79. Let x be 24/11 - 2/z. Suppose 5*w + 5*v = 2*w + 503, -4*v - 372 = -x*w. What is the greatest common factor of 22 and w?
22
Let q(l) be the first derivative of 2*l**3/3 + l - 25. Let n be q(-2). Let t be 18*((-12)/n)/(-4). What is the highest common divisor of t and 10?
2
Let a be (-7920)/(-220)*(2 + 10/(-8)). What is the greatest common divisor of 1647 and a?
27
Let t(z) = -z**3 - z**2 + 5*z + 3. Let s be t(-2). Let n be s - -1 - -253 - 3. Calculate the greatest common factor of 31 and n.
31
Let t(m) be the first de